{"id":133,"date":"2022-10-29T12:00:48","date_gmt":"2022-10-29T10:00:48","guid":{"rendered":"https:\/\/www.klutes-minigolf-oase.de\/?page_id=133"},"modified":"2022-10-29T12:53:24","modified_gmt":"2022-10-29T10:53:24","slug":"gaestebuch","status":"publish","type":"page","link":"https:\/\/www.klutes-minigolf-oase.de\/index.php\/kontakt\/gaestebuch\/","title":{"rendered":"G\u00e4stebuch"},"content":{"rendered":"<p>Willkommen in unserem G\u00e4stebuch. Wir w\u00fcrden uns freuen, wenn Ihr uns ein paar Worte hinterlasst. Dies k\u00f6nnen Anregungen oder Lob sein, aber auch Kritik steht wir offen gegen\u00fcber. Denn nur, wenn wir wissen, dass etwas falsch l\u00e4uft, k\u00f6nnen wir es auch verbessern.<\/p>\n<p>Deine E-Mail-Adresse wird nicht ver\u00f6ffentlicht. Es ist m\u00f6glich, dass dein Eintrag im G\u00e4stebuch erst sichtbar ist, nachdem wir ihn \u00fcberpr\u00fcft haben. Wir behalten uns vor, Eintr\u00e4ge zu bearbeiten, zu l\u00f6schen oder nicht zu ver\u00f6ffentlichen.<\/p>\n<p>Mit * gekennzeichnete Felder sind erforderlich. Die Datenschutzerkl\u00e4rung (Privacy Policy) findet Ihr <a href=\"https:\/\/www.klutes-minigolf-oase.de\/index.php\/impressum-rechtliches\/datenschutzerklaerung\/\" target=\"_blank\" rel=\"noopener\">hier<\/a> (wir in neuem Fenster ge\u00f6ffnet).<\/p>\n<div class=\"gwolle-gb\"><div class=\"gwolle-gb-messages-top-container\"><\/div>\n\t\t\t<div class=\"gwolle-gb-write-button\">\n\t\t\t\t<input type=\"button\" name=\"gwolle-gb-write-button\" class=\"button btn btn-default \" value=\"Neuen Eintrag schreiben\" aria-expanded=\"false\" \/>\n\t\t\t<\/div>\n\t\t\t<form action=\"#\" method=\"POST\" class=\"gwolle-gb-write gwolle-gb-hide gwolle-gb-float gwolle-gb-form-ajax gwolle-gb-ajax gwolle-gb-not-logged-in\">\n\t\t\t\t<h3>Einen neuen Eintrag f\u00fcr das G\u00e4stebuch schreiben<\/h3>\n\t\t\t\t<button type=\"button\" class=\"gb-notice-dismiss\">x<span class=\"screen-reader-text\">Dieses Formular ausblenden<\/span><\/button>\n\t\t\t\n\t\t\t\t<input type=\"hidden\" name=\"gwolle_gb_function\" class=\"gwolle_gb_function\" value=\"add_entry\" \/><input type=\"hidden\" name=\"gwolle_gb_book_id\" class=\"gwolle_gb_book_id\" value=\"1\" \/><div class=\"gwolle_gb_6150534c54c8be479c9bc50f32d2e612\">\n\t\t\t\t<div class=\"label\"><label for=\"gwolle_gb_6150534c54c8be479c9bc50f32d2e612-1\" class=\"text-info\">Name <span class=\"required\">*<\/span><\/label><\/div>\n\t\t\t\t<div class=\"input\"><input class=\"wp-exclude-emoji gwolle_gb_6150534c54c8be479c9bc50f32d2e612\" value=\"\" type=\"text\" id=\"gwolle_gb_6150534c54c8be479c9bc50f32d2e612-1\" name=\"gwolle_gb_6150534c54c8be479c9bc50f32d2e612\" required \/><\/div>\n\t\t\t\t<div class=\"clearBoth\">&nbsp;<\/div>\n\t\t\t<\/div><div class=\"gwolle_gb_d2ddbdc97bebfc3bd3354d64a543c855\">\n\t\t\t\t\t<div class=\"label\"><label for=\"gwolle_gb_d2ddbdc97bebfc3bd3354d64a543c855-1\" class=\"text-info\">Stadt<\/label><\/div>\n\t\t\t\t\t<div class=\"input\"><input class=\"wp-exclude-emoji gwolle_gb_d2ddbdc97bebfc3bd3354d64a543c855\" value=\"\" type=\"text\" id=\"gwolle_gb_d2ddbdc97bebfc3bd3354d64a543c855-1\" name=\"gwolle_gb_d2ddbdc97bebfc3bd3354d64a543c855\" \/><\/div>\n\t\t\t\t\t<div class=\"clearBoth\">&nbsp;<\/div>\n\t\t\t\t<\/div><div class=\"gwolle_gb_0c665d1060942c24e5e3971c0bb6f70d\">\n\t\t\t\t<div class=\"label\"><label for=\"gwolle_gb_0c665d1060942c24e5e3971c0bb6f70d-1\" class=\"text-info\">E-Mail <span class=\"required\">*<\/span><\/label><\/div>\n\t\t\t\t<div class=\"input\"><input class=\"gwolle_gb_0c665d1060942c24e5e3971c0bb6f70d\" value=\"\" type=\"email\" id=\"gwolle_gb_0c665d1060942c24e5e3971c0bb6f70d-1\" name=\"gwolle_gb_0c665d1060942c24e5e3971c0bb6f70d\" required \/><\/div>\n\t\t\t\t<div class=\"clearBoth\">&nbsp;<\/div>\n\t\t\t<\/div>\n\t\t\t<div class=\"gwolle_gb_85ad32b51b4ef092dfc84224434be6f0\" style=\"display:none;overflow:hidden;\" hidden=\"true\" aria-hidden=\"true\">\n\t\t\t\t<div class=\"label\">\n\t\t\t\t\t<label for=\"gwolle_gb_85ad32b51b4ef092dfc84224434be6f0-1\" class=\"text-primary\">Hier nichts eingeben<\/label>\n\t\t\t\t\t<label for=\"gwolle_gb_6429dab4840a83448f84d53c32af814d-1\" class=\"text-primary\">Hier nichts eingeben<\/label>\n\t\t\t\t<\/div>\n\t\t\t\t<div class=\"input\">\n\t\t\t\t\t<input value=\"15\" type=\"text\" id=\"gwolle_gb_85ad32b51b4ef092dfc84224434be6f0-1\" name=\"gwolle_gb_85ad32b51b4ef092dfc84224434be6f0\" class=\"gwolle_gb_85ad32b51b4ef092dfc84224434be6f0\" style=\"transform: translateY(10000px);\" \/>\n\t\t\t\t\t<input value=\"\" type=\"text\" name=\"gwolle_gb_6429dab4840a83448f84d53c32af814d\" id=\"gwolle_gb_6429dab4840a83448f84d53c32af814d-1\" class=\"gwolle_gb_6429dab4840a83448f84d53c32af814d\" style=\"transform: translateY(10000px);\" \/>\n\t\t\t\t<\/div>\n\t\t\t\t<div class=\"clearBoth\"><\/div>\n\t\t\t<\/div>\n\t\t\t<div class=\"gwolle_gb_a488db9e9386fb69a7a1e23263354660\" style=\"display:none;overflow:hidden;\" hidden=\"true\" aria-hidden=\"true\">\n\t\t\t\t<div class=\"label\">\n\t\t\t\t\t<label for=\"gwolle_gb_a488db9e9386fb69a7a1e23263354660-1\" class=\"text-primary\">Hier nichts eingeben<\/label>\n\t\t\t\t\t<label for=\"gwolle_gb_697c26f30e96d637cbb0d16313ecb15a-1\" class=\"text-primary\">Hier nichts eingeben<\/label>\n\t\t\t\t<\/div>\n\t\t\t\t<div class=\"input\">\n\t\t\t\t\t<input value=\"98128\" type=\"text\" id=\"gwolle_gb_a488db9e9386fb69a7a1e23263354660-1\" name=\"gwolle_gb_a488db9e9386fb69a7a1e23263354660\" class=\"gwolle_gb_a488db9e9386fb69a7a1e23263354660\" style=\"transform: translateY(10000px);\" \/>\n\t\t\t\t\t<input value=\"98128\" type=\"text\"id=\"gwolle_gb_697c26f30e96d637cbb0d16313ecb15a-1\" name=\"gwolle_gb_697c26f30e96d637cbb0d16313ecb15a\" class=\"gwolle_gb_697c26f30e96d637cbb0d16313ecb15a\" style=\"transform: translateY(10000px);\" \/>\n\t\t\t\t<\/div>\n\t\t\t\t<div class=\"clearBoth\"><\/div>\n\t\t\t<\/div><div class=\"gwolle_gb_content\">\n\t\t\t\t<div class=\"label\"><label for=\"gwolle_gb_content-1\" class=\"text-info\">G\u00e4stebucheintrag <span class=\"required\">*<\/span><\/label><\/div>\n\t\t\t\t<div class=\"input\"><textarea id=\"gwolle_gb_content-1\" name=\"gwolle_gb_content\" class=\"gwolle_gb_content wp-exclude-emoji\" required ><\/textarea><\/div>\n\t\t\t\t\t<div class=\"clearBoth\">&nbsp;<\/div>\n\t\t\t\t<\/div>\n\t\t\t\t<div class=\"gwolle_gb_privacy gwolle-gb-privacy\">\n\t\t\t\t\t<div class=\"label\"><label for=\"gwolle_gb_privacy-1\" class=\"text-info\">I accept the Privacy Policy <span class=\"required\">*<\/span><\/label><\/div>\n\t\t\t\t\t<div class=\"input\"><input type=\"checkbox\" id=\"gwolle_gb_privacy-1\" name=\"gwolle_gb_privacy\" class=\"gwolle_gb_privacy\" required \/><\/div>\n\t\t\t\t\t<div class=\"clearBoth\">&nbsp;<\/div>\n\t\t\t\t<\/div><input type=\"hidden\" class=\"gwolle_gb_8ac55fa1e8de698576777bd17f52e7c8\" id=\"gwolle_gb_8ac55fa1e8de698576777bd17f52e7c8-1\" name=\"gwolle_gb_8ac55fa1e8de698576777bd17f52e7c8\" value=\"e1783e4afe\" \/>\n\t\t\t<div class=\"gwolle-gb-messages-bottom-container\"><\/div>\n\n\t\t\t<noscript><div class=\"no-js\">Warnung: Dieses Formular kann nur verwendet werden, wenn in deinem Browser JavaScript aktiviert ist.<\/div><\/noscript>\n\n\t\t\t<div class=\"gwolle_gb_submit gwolle-gb-submit\">\n\t\t\t\t<div class=\"label gwolle-gb-invisible text-muted\">&nbsp;<\/div>\n\t\t\t\t<div class=\"input\">\n\t\t\t\t\t<input type=\"submit\" name=\"gwolle_gb_submit\" class=\"gwolle_gb_submit button btn btn-primary \" value=\"Absenden\" \/>\n\t\t\t\t\t<span class=\"gwolle_gb_submit_ajax_icon gwolle-gb-submit-ajax-icon\"><\/span>\n\t\t\t\n\t\t\t\t<\/div>\n\t\t\t\t<div class=\"clearBoth\">&nbsp;<\/div>\n\t\t\t<\/div>\n\n\t\t\t<div class=\"gwolle_gb_notice gwolle-gb-notice\">\n\t\t\t\t<br \/>\nMit * gekennzeichnete Felder sind erforderlich.<br \/>\nDeine E-Mail-Adresse wird nicht ver\u00f6ffentlicht.<br \/>\nEs ist m\u00f6glich, dass dein Eintrag im G\u00e4stebuch erst sichtbar ist, nachdem wir ihn \u00fcberpr\u00fcft haben.<br \/>\nWir behalten uns vor, Eintr\u00e4ge zu bearbeiten, zu l\u00f6schen oder nicht zu ver\u00f6ffentlichen.<br \/>\n\n\t\t\t<\/div><\/form><div class=\"gwolle-gb-read gwolle-gb-ajax gwolle-gb-entries-list\" data-book_id=\"1\" data-page_id=\"1\">\n\t\t<div id=\"gwolle-gb-total\" class=\"gwolle-gb-total\">2 Eintr\u00e4ge<\/div><!-- Gwolle-GB Entry: Default Template Loaded -->\n\t\t\t\t<div class=\"gb-entry gb-entry_11 gb-entry-count_1 gwolle-gb-uneven gwolle-gb-first\" id=\"gb-entry_11\" data-entry_id=\"11\">\n\t\t\t\t<article>\n\t\t\t\t\t<div class=\"gb-author-info\">\n\t\t\t\t\t\t<span class=\"gb-author-avatar\"><img referrerpolicy=\"no-referrer\" alt='Anja Nolte' src='https:\/\/secure.gravatar.com\/avatar\/a33272e4bc52a15bff50d8c3b5bbe3cb7e443f9911c9efee8899e1ad65720728?s=32&#038;d=mm&#038;r=g' srcset='https:\/\/secure.gravatar.com\/avatar\/a33272e4bc52a15bff50d8c3b5bbe3cb7e443f9911c9efee8899e1ad65720728?s=64&#038;d=mm&#038;r=g 2x' class='avatar avatar-32 photo' height='32' width='32' \/><\/span>\n\t\t\t\t\t\t<span class=\"gb-author-name\">Anja Nolte\n\t\t\t\t\t\t<\/span>\n\t\t\t\t\t\t<span class=\"gb-author-origin\">\n\t\t\t\t\t\t\t<span class=\"gb-author-origin-from-text\"> aus<\/span>\n\t\t\t\t\t\t\t<span class=\"gb-author-origin-text\"> Hagen<\/span>\n\t\t\t\t\t\t<\/span>\n\t\t\t\t\t\t<span class=\"gb-datetime\">\n\t\t\t\t\t\t\t<span class=\"gb-date\"><span class=\"gb-date-wrote-text\"> schrieb am<\/span><span class=\"gb-date-text\"> 6. November 2022<\/span>\n\t\t\t\t\t\t\t<\/span><span class=\"gb-time\">\n\t\t\t\t\t\t\t\t\t<span class=\"gb-time-at-text\"> um<\/span>\n\t\t\t\t\t\t\t\t\t<span class=\"gb-time-text\"> 12:40<\/span>\n\t\t\t\t\t\t\t\t<\/span>\n\t\t\t\t\t\t<\/span> \n\t\t\t\t\t<\/div>\n\t\t\t\t\t<div class=\"gb-entry-content\">Hallo ihr lieben, wir kommen immer gerne zu euch ob mit dem Rad eine Pause einlegen oder spazieren mit dem Hund. Cappuccino ist immer lecker und ihr lass euch immer etwas Neuse einfallen was das Essen angeht und den Kuchen. Weiter viel Erfolg.\n\t\t\t\t\t<\/div>\n\t\t\t\t<\/article>\n\t\t\t<\/div>\n\t\t\t<div class=\"gb-entry gb-entry_8 gb-entry-count_2 gwolle-gb-even\" id=\"gb-entry_8\" data-entry_id=\"8\">\n\t\t\t\t<article>\n\t\t\t\t\t<div class=\"gb-author-info\">\n\t\t\t\t\t\t<span class=\"gb-author-avatar\"><img referrerpolicy=\"no-referrer\" alt='Christian' src='https:\/\/secure.gravatar.com\/avatar\/93eb7f1a849c2240c0c5b376d0955afce7536325035958e36d45fb833e6f68ec?s=32&#038;d=mm&#038;r=g' srcset='https:\/\/secure.gravatar.com\/avatar\/93eb7f1a849c2240c0c5b376d0955afce7536325035958e36d45fb833e6f68ec?s=64&#038;d=mm&#038;r=g 2x' class='avatar avatar-32 photo' height='32' width='32' \/><\/span>\n\t\t\t\t\t\t<span class=\"gb-author-name\"><a href=\"https:\/\/www.weblib.de\" target=\"_blank\" rel=\"nofollow noopener noreferrer\"\n\t\t\t\t\t\t\ttitle=\"Besuche die Website von Christian: https:\/\/www.weblib.de\"><i class=\"gb-moderator\">Christian<\/i><\/a>\n\t\t\t\t\t\t<\/span>\n\t\t\t\t\t\t<span class=\"gb-author-origin\">\n\t\t\t\t\t\t\t<span class=\"gb-author-origin-from-text\"> aus<\/span>\n\t\t\t\t\t\t\t<span class=\"gb-author-origin-text\"> K\u00f6ln<\/span>\n\t\t\t\t\t\t<\/span>\n\t\t\t\t\t\t<span class=\"gb-datetime\">\n\t\t\t\t\t\t\t<span class=\"gb-date\"><span class=\"gb-date-wrote-text\"> schrieb am<\/span><span class=\"gb-date-text\"> 29. Oktober 2022<\/span>\n\t\t\t\t\t\t\t<\/span><span class=\"gb-time\">\n\t\t\t\t\t\t\t\t\t<span class=\"gb-time-at-text\"> um<\/span>\n\t\t\t\t\t\t\t\t\t<span class=\"gb-time-text\"> 12:13<\/span>\n\t\t\t\t\t\t\t\t<\/span>\n\t\t\t\t\t\t<\/span> \n\t\t\t\t\t<\/div>\n\t\t\t\t\t<div class=\"gb-entry-content\">Herzlich Willkommen im G\u00e4stebuch der Minigolf-Oase in Herdecke. Und viel Spa\u00df beim Lesen der Eintr\u00e4ge.<br \/>\r\n<br \/>\r\nChristian<br \/>\r\nWebmaster\n\t\t\t\t\t<\/div>\n\t\t\t\t<\/article>\n\t\t\t<\/div>\n\t\t\t<\/div><\/div>\n","protected":false},"excerpt":{"rendered":"<p>Willkommen in unserem G\u00e4stebuch. Wir w\u00fcrden uns freuen, wenn Ihr uns ein paar Worte hinterlasst. Dies k\u00f6nnen Anregungen oder Lob sein, aber auch Kritik steht wir offen gegen\u00fcber. Denn nur, wenn wir wissen, dass etwas falsch l\u00e4uft, k\u00f6nnen wir es auch verbessern. Deine E-Mail-Adresse wird nicht ver\u00f6ffentlicht. Es ist m\u00f6glich, dass dein Eintrag im G\u00e4stebuch&hellip; <br \/> <a class=\"read-more\" href=\"https:\/\/www.klutes-minigolf-oase.de\/index.php\/kontakt\/gaestebuch\/\">Weiterlesen<\/a><\/p>\n","protected":false},"author":1,"featured_media":0,"parent":65,"menu_order":0,"comment_status":"closed","ping_status":"closed","template":"","meta":{"footnotes":""},"class_list":["post-133","page","type-page","status-publish","hentry"],"_links":{"self":[{"href":"https:\/\/www.klutes-minigolf-oase.de\/index.php\/wp-json\/wp\/v2\/pages\/133","targetHints":{"allow":["GET"]}}],"collection":[{"href":"https:\/\/www.klutes-minigolf-oase.de\/index.php\/wp-json\/wp\/v2\/pages"}],"about":[{"href":"https:\/\/www.klutes-minigolf-oase.de\/index.php\/wp-json\/wp\/v2\/types\/page"}],"author":[{"embeddable":true,"href":"https:\/\/www.klutes-minigolf-oase.de\/index.php\/wp-json\/wp\/v2\/users\/1"}],"replies":[{"embeddable":true,"href":"https:\/\/www.klutes-minigolf-oase.de\/index.php\/wp-json\/wp\/v2\/comments?post=133"}],"version-history":[{"count":5,"href":"https:\/\/www.klutes-minigolf-oase.de\/index.php\/wp-json\/wp\/v2\/pages\/133\/revisions"}],"predecessor-version":[{"id":143,"href":"https:\/\/www.klutes-minigolf-oase.de\/index.php\/wp-json\/wp\/v2\/pages\/133\/revisions\/143"}],"up":[{"embeddable":true,"href":"https:\/\/www.klutes-minigolf-oase.de\/index.php\/wp-json\/wp\/v2\/pages\/65"}],"wp:attachment":[{"href":"https:\/\/www.klutes-minigolf-oase.de\/index.php\/wp-json\/wp\/v2\/media?parent=133"}],"curies":[{"name":"wp","href":"https:\/\/api.w.org\/{rel}","templated":true}]}}